{"id":26,"date":"2018-11-24T18:15:41","date_gmt":"2018-11-24T18:15:41","guid":{"rendered":"https:\/\/andrae-floristik.de\/?page_id=26"},"modified":"2025-02-03T17:51:29","modified_gmt":"2025-02-03T17:51:29","slug":"team","status":"publish","type":"page","link":"https:\/\/andrae-floristik.de\/?page_id=26","title":{"rendered":"Team"},"content":{"rendered":"<p>Sie werden bedient von:<\/p>\n<p>Frau <em>Annett Andr\u00e4-M\u00fchsinger<\/em>, Floristikmeisterin (Inhaberin)<\/p>\n<p>und unseren Floristinnen und Floristen:<\/p>\n<p><em>P. Sonntag<\/em><\/p>\n<p><em>L. Nitsch<\/em><\/p>\n<p>H. M\u00e4ttig<\/p>\n<p>au\u00dferdem werden wir durch unsere Auszubildende J. Bitterlich unterst\u00fctzt.<\/p>\n","protected":false},"excerpt":{"rendered":"<p>Sie werden bedient von: Frau Annett Andr\u00e4-M\u00fchsinger, Floristikmeisterin (Inhaberin) und unseren Floristinnen und Floristen: P. Sonntag L. Nitsch H. M\u00e4ttig au\u00dferdem werden wir durch unsere Auszubildende J. Bitterlich unterst\u00fctzt.<\/p>\n","protected":false},"author":1,"featured_media":0,"parent":0,"menu_order":0,"comment_status":"closed","ping_status":"closed","template":"","meta":{"ngg_post_thumbnail":0,"footnotes":""},"class_list":["post-26","page","type-page","status-publish","hentry"],"_links":{"self":[{"href":"https:\/\/andrae-floristik.de\/index.php?rest_route=\/wp\/v2\/pages\/26","targetHints":{"allow":["GET"]}}],"collection":[{"href":"https:\/\/andrae-floristik.de\/index.php?rest_route=\/wp\/v2\/pages"}],"about":[{"href":"https:\/\/andrae-floristik.de\/index.php?rest_route=\/wp\/v2\/types\/page"}],"author":[{"embeddable":true,"href":"https:\/\/andrae-floristik.de\/index.php?rest_route=\/wp\/v2\/users\/1"}],"replies":[{"embeddable":true,"href":"https:\/\/andrae-floristik.de\/index.php?rest_route=%2Fwp%2Fv2%2Fcomments&post=26"}],"version-history":[{"count":9,"href":"https:\/\/andrae-floristik.de\/index.php?rest_route=\/wp\/v2\/pages\/26\/revisions"}],"predecessor-version":[{"id":229,"href":"https:\/\/andrae-floristik.de\/index.php?rest_route=\/wp\/v2\/pages\/26\/revisions\/229"}],"wp:attachment":[{"href":"https:\/\/andrae-floristik.de\/index.php?rest_route=%2Fwp%2Fv2%2Fmedia&parent=26"}],"curies":[{"name":"wp","href":"https:\/\/api.w.org\/{rel}","templated":true}]}}